et c = 339 - 333. What is the remainder when c is divided by 3?
0
Calculate the remainder when -5 + 4 + 58/2 is divided by 13.
2
Let f = -5 + 88. Suppose 43 = -2*b + 99. Calculate the remainder when f is divided by b.
27
Let m(r) = r**3 + 9*r**2 - 2*r - 3. Suppose 0 = -2*g - 23 - 5. Let k = g + 43. Calculate the remainder when k is divided by m(-9).
14
Let b(t) = -t**3 + 11*t**2 - 3*t + 44. Let g be ((-132)/(-16))/((-1)/4). Let a = -14 - g. Calculate the remainder when a is divided by b(11).
8
Suppose 2*g = -4*s + 6, -5 = 2*s + 4*g + 7. Suppose 3*p - 206 = -4*i, s*p = -5*i + 91 + 182. What is the remainder when p is divided by 22?
18
Let c = 233 - 198. What is the remainder when c is divided by 9?
8
Suppose -6*m + 4844 = 8*m. What is the remainder when m is divided by 87?
85
Let v = 2114 - 2083. What is the remainder when 137 is divided by v?
13
Suppose 32 = 2*a + 2*a. Let t = -203 + 206. What is the remainder when a is divided by t?
2
Let y be (60/(-14))/(1/(-7)). Let c be (74/10)/(6/y). Suppose 4*r = 2*g - 32, -4*g + g - 5*r = -c. Calculate the remainder when 27 is divided by g.
13
Let a(o) = -o**2 + 1. Let j be a(1). Suppose j = 2*t + 2*t - 64. Let s = -21 - -52. What is the remainder when s is divided by t?
15
Let a(k) = k**2 - 8*k + 49. Calculate the remainder when a(0) is divided by 26.
23
What is the remainder when 201 + 21 + 1 + 3 is divided by 19?
17
Let p = 0 - -3. Let x be p/9*(-2 - -26). Let f = x - 1. What is the remainder when f is divided by 5?
2
What is the remainder when 955*(42/(-35))/(-3) is divided by 77?
74
Let g be (-5 + 3)/(1/(-18)). Let s = 18 + g. Suppose -422*d + 5137 + 771 = 0. What is the remainder when s is divided by d?
12
Suppose -157 = -2*c - 21. What is the remainder when c is divided by 1*150/(-12)*(-8)/10?
8
Let b be (6/(-5))/(4/(-70)). Let m = 40 - b. Calculate the remainder when m is divided by 11.
8
Let y = -21 + 25. Suppose 7 = 5*i + 2*x - y*x, 3*x - 12 = 0. Suppose i*l - o = -14 + 33, 0 = 3*l + 2*o - 34. What is the remainder when 31 is divided by l?
7
Let s(j) = j - 6. Let h be s(5). What is the remainder when h + 3 + -2 + 79 is divided by 20?
19
Let l = -6 + 15. Let j = -667 + 673. What is the remainder when l is divided by j?
3
Let k(w) = -15*w + 441. What is the remainder when k(22) is divided by 42?
27
Let j = 525 - 510. Let r(b) = -35*b**3 + b + 1. Let w be r(-1). Let m = 79 - w. What is the remainder when m is divided by j?
14
Let k(m) = 12*m - 7. Let u(v) = -v - 1. Let l(p) = k(p) + 2*u(p). Let j be l(-5). Let d = -34 - j. Calculate the remainder when d is divided by 14.
11
Let s = 2031 + -1426. Calculate the remainder when s is divided by 19.
16
What is the remainder when 211 is divided by 12*(-11)/22 + (60 - 1)?
52
Suppose -10*x = -f - 11*x + 6, 5*x = 2*f - 19. What is the remainder when 88 is divided by f?
4
Calculate the remainder when 53*-1*(-31 - -30) is divided by 9.
8
Suppose d - 111 = -2*d. Suppose -b = 0, 3*n = 2*b + 23 + d. Suppose -p + 13 + n = 0. What is the remainder when p is divided by 9?
6
Suppose -4*y - 4*d + 37 = -d, -2*y - 2*d + 18 = 0. Calculate the remainder when 58/(-13)*507/(-39) is divided by y.
8
Suppose -2*f = 5*t - 3*f - 251, 8 = 2*f. What is the remainder when 226 is divided by t?
22
Suppose -5*w + 6 = 3*v - 47, -2*w = v - 18. Calculate the remainder when 158 is divided by v.
14
Suppose -2*c + 5*t + 142 - 41 = 0, 5*c = 2*t + 200. Let r = -16 + 21. Suppose -r*z + 11 + 29 = 0. Calculate the remainder when c is divided by z.
6
Suppose r = -0*r + 4. Let p = -58 - -65. Suppose 2*z + c = p*z - 29, -3*z - 4*c = -22. Calculate the remainder when z is divided by r.
2
Let g(h) be the first derivative of h**3 + 2*h**2 - 6*h + 11. Let r be g(-5). Let t = -31 + r. What is the remainder when t is divided by 7?
4
Let u = 126 + -45. What is the remainder when u is divided by 6?
3
Suppose 1288 - 388 = 12*g. Calculate the remainder when g is divided by 52.
23
Suppose 0 = v + 5*m - 22, -4*v + 2*m - 2 = -v. Suppose 3*r - 50 = -4*i, v*r - 7 = i + 8. Let y = -6 - -10. Calculate the remainder when r is divided by y.
2
Suppose -5*o - 67 = 2*a, 4*o = 2 + 2. Let v = a - -45. What is the remainder when 43 is divided by v?
7
Let t = 293 - 275. Calculate the remainder when 1/2*-17*-8 is divided by t.
14
Let y(x) = x**3 - 34*x**2 - 21*x - 31. Let f(z) = z**3 - 17*z**2 - 11*z - 16. Let d(q) = 5*f(q) - 3*y(q). Calculate the remainder when 35 is divided by d(-8).
9
Let b(f) = 2*f**2 - 5*f + 3. Suppose 0 = -g - 0*g + 3*x + 12, 0 = -g + 5*x + 16. Let j be (-2)/(-4)*g/1. What is the remainder when 9 is divided by b(j)?
3
Let n(i) = -i + 9. Let j be n(6). Suppose j*w - 9 = 0, -2*g = -w - 22 - 25. What is the remainder when 98 is divided by g?
23
Let m = -30 - -33. Suppose 2*f - 104 = -m*q + 7*f, 5*f - 48 = -q. What is the remainder when 105 is divided by q?
29
Let y(a) = a + 2*a - 2*a**2 - 8 + 3*a**2. Calculate the remainder when y(6) is divided by (((-10)/3)/1)/((-330)/1188).
10
Let g(l) = 22*l**2 - l. Let t = 249 - 159. Calculate the remainder when t is divided by g(-1).
21
Let t = 383 + -379. Let j be (2 - -4)*(-10)/(-3). Suppose a = t*v + j, a + 2*v + 1 = 15. What is the remainder when 28 is divided by a?
12
Suppose -a - i = -36, -2*a + 51 = -i - 9. Let s be -237 - (4 - 1 - 2). Calculate the remainder when a is divided by s/(-21) + (-1)/3.
10
Let m(r) = 22*r**3 - r**2. Let v be m(1). Suppose v*z = 26*z - 35. Calculate the remainder when 16 is divided by z.
2
Let x(w) = 7*w + 22. Let p(y) = -5*y - 22. Let v(t) = -3*p(t) - 2*x(t). Let q be (-92)/5 - 2/(-5). What is the remainder when 14 is divided by v(q)?
2
Suppose -3*r + 45 = -5*b, 64 - 11 = 5*r - b. Let w(d) = -14 + 5*d - 8 + 17. Calculate the remainder when w(r) is divided by 12.
9
Let m(h) = 60*h - 1. Let i(c) = c**3 - 3*c**2 + 4*c + 9. What is the remainder when i(7) is divided by m(1)?
56
Suppose -756 = -27*a + 513. What is the remainder when 139 is divided by a?
45
Suppose -x = -8*x - 686. Let l = -12 - x. Calculate the remainder when l is divided by 44.
42
Suppose -48*v + 35*v = -637. What is the remainder when v is divided by 13*-2*1/(-2)?
10
Suppose -3*p + 368 = 377. Calculate the remainder when 52 is divided by 34*p/(-6) - 3.
10
Suppose 0 = 2*k - 5*p - 192, -2*k - 47 + 225 = 2*p. Calculate the remainder when k is divided by 46.
45
Suppose -3*c + 408 = 5*b - 137, 5*c = -2*b + 199. Calculate the remainder when b is divided by (2/(-6))/((-22)/1518).
20
Let v = 21 - 15. Suppose 0 = d + 5*s - 18, -19*d + 88 = -15*d + 4*s. What is the remainder when d is divided by v?
5
Suppose 4*i + 3 + 13 = 0, 3*i + 23 = k. Suppose 2*c - 84 = -2*m, 4*c - 4*m = 3*c + 17. What is the remainder when c is divided by k?
4
Let n(i) = -i**3 - 5*i**2 + 14*i + 3. Let y be n(-7). Suppose -j + 0*w + 111 = -y*w, -j + 111 = 3*w. Calculate the remainder when j is divided by 29.
24
Let p = 1273 + -1069. What is the remainder when p is divided by 44?
28
Let c = 62 - 47. What is the remainder when 27 is divided by c?
12
Let v(n) = -n**2 - 15*n + 3. Calculate the remainder when v(-8) is divided by 6.
5
Let y = 12 - -10. Let x = 23 - 15. Calculate the remainder when x/4 - 252/(0 - 4) is divided by y.
21
Suppose -25*t = -24*t - 24. What is the remainder when 9 is divided by t/5 + 4/20?
4
Let g be -2 + (-3 - (-2 + -3)). Suppose g = -2*n + 16 + 16. Calculate the remainder when 47 is divided by n.
15
Calculate the remainder when -5*1 + -8*(-254)/8 is divided by 50.
49
What is the remainder when 240 is divided by 1/(3/6 - (-606)/(-1236))?
34
Suppose 6*i + 14 + 34 = 0. Calculate the remainder when 742/(-1 - i)*(0 + 1) is divided by 36.
34
Suppose 16 = -2*l - 3*t, -4*t = -3*t + 4. Suppose -16 = 5*j + 4, f = -j + 20. Calculate the remainder when f is divided by (-14)/l + -1 - -3.
6
Suppose 33*p + 736 = 65*p. What is the remainder when (86/3)/((-4)/(-6)) is divided by p?
20
Let m be ((-10)/(-3))/((-20)/30). Let a be ((-4)/m)/(2/(-80)). Let i = 48 + a. Calculate the remainder when 61 is divided by i.
13
Let j(f) = f**3 + 17*f**2 - 3. Let n be j(-17). Calculate the remainder when 2/3 - 259/n is divided by 9.
6
Suppose 0 = 8*o - 7*o + 147. Let h = -87 - o. What is the remainder when h is divided by 22?
16
Suppose -167 - 26 = -5*w + 3*h, w + 3*h = 35. What is the remainder when w is divi